isor of 56219695 and 175?
35
What is the greatest common divisor of 274549 and 913?
11
Calculate the highest common divisor of 2131309 and 59911.
331
What is the highest common factor of 9981 and 370354986?
9981
Calculate the highest common divisor of 17791893 and 14.
7
Calculate the highest common factor of 7125 and 38775.
75
Calculate the greatest common divisor of 151372 and 2191696.
2132
What is the greatest common divisor of 20811230 and 13838?
374
Calculate the highest common divisor of 8213 and 2335357.
191
Calculate the highest common factor of 125 and 349396425.
25
Calculate the highest common factor of 42881 and 56444.
137
What is the highest common divisor of 704 and 758080?
64
Calculate the greatest common divisor of 308723 and 8.
1
Calculate the highest common factor of 524998 and 36616.
46
Calculate the greatest common factor of 36060 and 455460.
60
Calculate the greatest common divisor of 28754433 and 2455.
491
Calculate the greatest common factor of 21615 and 5293.
1
What is the greatest common factor of 366 and 16797?
3
Calculate the greatest common divisor of 559 and 219859.
43
Calculate the highest common divisor of 21 and 5706813.
21
What is the greatest common divisor of 250372834 and 58?
58
Calculate the highest common divisor of 38 and 2265408.
38
Calculate the highest common factor of 6822862 and 302.
2
What is the greatest common divisor of 276 and 16135098?
138
What is the highest common divisor of 861004 and 20596?
76
Calculate the greatest common factor of 4346978 and 187892.
878
Calculate the highest common divisor of 410184 and 2097762.
1266
What is the greatest common factor of 4356 and 49363644?
1452
What is the greatest common factor of 330705950 and 250?
50
Calculate the highest common factor of 19145115 and 11.
11
What is the highest common factor of 6639689 and 3605?
721
What is the highest common factor of 345132495 and 8100?
405
Calculate the greatest common divisor of 20 and 9809556.
4
Calculate the greatest common divisor of 16236 and 226402.
902
What is the greatest common divisor of 5541259 and 1646?
823
Calculate the greatest common factor of 136 and 433103628.
68
Calculate the greatest common factor of 1236270 and 2755.
145
Calculate the greatest common divisor of 21343464 and 216.
72
Calculate the highest common divisor of 832 and 914336.
32
What is the highest common factor of 190169458 and 818?
818
What is the highest common divisor of 16067871 and 18?
9
Calculate the highest common divisor of 336 and 14530194.
42
What is the greatest common divisor of 487206 and 33120?
18
What is the highest common divisor of 138 and 89242806?
138
Calculate the highest common divisor of 47563848 and 288.
72
Calculate the greatest common divisor of 255 and 139262181.
51
Calculate the greatest common divisor of 24185876 and 1287.
143
Calculate the highest common divisor of 521941 and 3287865.
1211
Calculate the highest common factor of 43227932 and 572.
44
Calculate the greatest common factor of 4952 and 3470114.
1238
Calculate the greatest common divisor of 104510760 and 808.
808
Calculate the highest common divisor of 2596959 and 315.
9
What is the highest common divisor of 4949384 and 72?
8
What is the highest common factor of 7422 and 84623170?
2474
What is the highest common factor of 4083707 and 19809?
71
What is the greatest common divisor of 381480 and 47080?
440
What is the greatest common divisor of 3793356 and 396?
36
Calculate the greatest common divisor of 180 and 9702450.
90
What is the highest common factor of 4725 and 6481755?
945
What is the greatest common divisor of 15 and 3118295?
5
What is the greatest common factor of 225290 and 25610?
130
What is the highest common divisor of 16029 and 268954153?
1781
What is the highest common divisor of 22 and 14592358?
22
Calculate the greatest common factor of 3655 and 150229.
17
Calculate the greatest common factor of 3265 and 48013131.
653
What is the greatest common factor of 955486493 and 61?
61
Calculate the greatest common divisor of 393290 and 661960.
670
What is the highest common divisor of 23586 and 207474?
6
Calculate the greatest common factor of 1553736 and 324.
12
Calculate the highest common divisor of 1114 and 12124219.
557
Calculate the greatest common divisor of 81 and 541005858.
27
Calculate the greatest common factor of 482467 and 8717.
379
What is the highest common factor of 150 and 1658430?
30
What is the highest common factor of 191270580 and 12204?
1356
What is the greatest common factor of 972749125 and 125?
125
Calculate the greatest common factor of 19215 and 36492945.
915
What is the highest common divisor of 30902792 and 8?
8
Calculate the highest common factor of 403187113 and 8806.
4403
Calculate the greatest common factor of 462137 and 20045.
19
What is the greatest common divisor of 2828689984 and 934?
934
What is the highest common factor of 1598361 and 32526?
417
What is the highest common divisor of 24 and 854673?
3
Calculate the greatest common factor of 507 and 2922231.
39
Calculate the greatest common divisor of 300 and 657420.
60
What is the highest common divisor of 4410144235 and 35?
35
What is the highest common divisor of 20250 and 942030?
810
What is the highest common divisor of 4437988 and 2139?
23
What is the highest common divisor of 2826 and 19496260?
314
Calculate the highest common divisor of 2727174466 and 53.
53
What is the highest common factor of 126 and 15067290?
42
What is the highest common factor of 439 and 46934368?
439
What is the greatest common divisor of 274106 and 4089214?
5594
What is the greatest common divisor of 4214 and 47809636?
602
What is the highest common factor of 2496 and 45660?
12
Calculate the greatest common factor of 802192 and 67034.
554
Calculate the highest common divisor of 212922627 and 258.
129
What is the greatest common factor of 997908 and 2576148?
1644
Calculate the highest common divisor of 3350 and 504550.
50
Calculate the highest common divisor of 28938 and 530712.
546
Calculate the highest common factor of 206066087 and 5716.
1429
What is the highest common factor of 1148812 and 73336?
356
What is the greatest common divisor of 78867 and 22839?
69
Calculate the greatest common divisor of 17574 and 1710738.
606
What is the highest common factor of 1209 and 5538?
39
What is the highest common factor of 698825831 and 22?
11
Calculate the highest common divisor of 481 and 1097825261.
481
Calculate the highest common divisor of 28469 and 3737573.
4067
Calculate the greatest common factor of 57820 and 42158620.
980
Calculate the greatest common factor of 2170 and 1756055.
35
What is the highest common factor of 3135 and 5801820?
15
What is the highest common divisor of 37677 and 77178?
57
What is the greatest common factor of 477 and 32369379?
159
What is the greatest common divisor of 3302612 and 712?
356
What is the highest common factor of 297 and 343084698?
99
What is the highest common factor of 16 and 144251056?
16
What is the highest common factor of 29216 and 1248071?
913
Calculate the highest common divisor of 98290784 and 144.
16
Calculate the highest common divisor of 83127376 and 48.
16
What is the greatest common factor of 965510 and 9100?
910
What is the highest common factor of 4476 and 586784204?
1492
What is the greatest common factor of 26971725 and 99?
33
What is the highest common factor of 266 and 2555063?
133
Calculate the greatest common divisor of 820 and 4203090.
10
Calculate the greatest common divisor of 8650 and 1065400.
50
Calculate the highest common divisor of 6688589 and 83201.
551
Calculate the highest common divisor of 7889 and 9191812.
1127
What is the highest common divisor of 1961700 and 11375?
325
Calculate the highest common factor of 165760 and 24989440.
4480
Calculate the greatest common factor of 133 and 423486.
7
What is the greatest common divisor of 4316151 and 84?
21
Calculate the highest common factor of 1040172 and 919387.
1421
What is the highest common divisor of 59742 and 24570?
18
What is the greatest common factor of 2094617 and 6517?
133
Calculate the highest common factor of 65688 and 5331032.
1288
Calculate the greatest common factor of 76 and 510652322.
38
Calculate the greatest common divisor of 11259239